e -4*u - 35*m = -34*m - 18784, -m + 4 = 0. List the prime factors of u.
3, 5, 313
Let z(c) = c**2 + 1. Let t(p) = -3*p**2 - 2*p - 4. Let o(w) = -1. Let y(r) = -6*o(r) - t(r). Let d(f) = -y(f) + 4*z(f). List the prime factors of d(13).
137
Suppose -3*f = -5030 - 2764. Suppose 13*b - f = 7*b. Let u = b - 305. List the prime factors of u.
2
Suppose 3*x + 1426017 = -4*x + 36*x. List the prime factors of x.
3, 37, 443
Suppose -517737 + 2344150 = 89*i - 2519012. List the prime factors of i.
3, 5, 7, 31
List the prime factors of 620*(2/7)/((-3)/126*-16).
3, 5, 31
Let k(q) = -q**3 + 18*q**2 + 20*q - 16. Let m be k(19). Let c be (3/18*m)/(1/28). Suppose -c*s + 9*s + 385 = 0. List the prime factors of s.
7, 11
Let n be (-6)/8 + 5/((-80)/(-16028)). Let z = -657 + n. List the prime factors of z.
2, 43
Let x(y) = -13460*y + 130. List the prime factors of x(-1).
2, 3, 5, 151
Let b(o) = -1139*o**3 - o**2 + 6*o + 8. Let d be b(-1). Let a = -318 + d. List the prime factors of a.
2, 3, 137
Let c(x) = -x**3 + 17*x**2 + 16*x + 39. Let y be c(18). Suppose 4*t - 4*r = 1952, 0*t - 4*t - y*r = -1931. What are the prime factors of t?
5, 97
Let x be (-30)/(-36) - (-115)/(-30). List the prime factors of ((-223)/x + -3)*(-45)/(-10).
3, 107
Let q(a) = 165*a**2 - 19*a + 114. List the prime factors of q(15).
2, 3, 2053
Let u = 13667 - 6466. List the prime factors of u.
19, 379
Suppose -3*p = -3*c + 7020, 4*c - 4747 = 2*p + 4627. List the prime factors of c.
2347
Let t(p) = 2550*p + 3192. List the prime factors of t(6).
2, 3, 23, 67
Suppose 5 = -2*h - 5. Let s(f) = -41 - 1 + 14 + 26 - 28 - 23*f. What are the prime factors of s(h)?
5, 17
Let a(d) = -2*d**2 - 3*d + 693. Let r be a(0). What are the prime factors of 64/(-48)*r/(-6)?
2, 7, 11
Suppose 7*r - 14*r - 6993 = 0. Let c = r + 1659. What are the prime factors of c?
2, 3, 5, 11
Suppose 4*z + 70 = 2*n + z, 3*z = -5*n + 154. Let l = n - 20. Suppose 7*u - l*u = -375. List the prime factors of u.
3, 5
Suppose 3*z + 0*z + 5*b = -18, -2*b - 6 = z. Let h be 8/z*(-84)/(-8). Let a = 40 - h. What are the prime factors of a?
2, 3
Suppose -5*m + 93 - 318 = 0. Let x = m + 57. What are the prime factors of 3/(-2)*(-16)/x - -23?
5
Suppose 0 = 39*f - 13466 - 5215. Suppose 3*x - p = 1751, x - 4*p - 123 = f. What are the prime factors of x?
2, 3, 97
Suppose 119*b - 114*b = 5*m - 30700, -4*b = 3*m - 18455. List the prime factors of m.
5, 1229
List the prime factors of -36360*(67/469)/(2/(-7) + 0).
2, 3, 5, 101
Let w(p) = p**3 + 8*p**2 + 4*p - 12. Let g be w(-6). Let y = -95 + g. Let o = 139 + y. What are the prime factors of o?
2, 5
Let r(n) = 2*n**2 - 2*n - 58. Let o be r(-6). Suppose o*x - 19*x - 21 = 0. List the prime factors of x.
3
Let i(f) be the second derivative of -7*f**3/6 - 6*f**2 - 32*f. Let b be i(-2). Suppose b*t + p = 5*t - 585, p = -t + 195. List the prime factors of t.
3, 5, 13
Let f(j) = -48*j - 21. Let l be f(-2). Let r(c) = -c**3 + 11*c**2 - 10*c + 11. Let a be r(10). Suppose -a*x - l = -12*x. List the prime factors of x.
3, 5
Let p(o) = -2*o**2 + 20*o + 20. Let g be p(-1). What are the prime factors of 263 + (1/g)/((-20)/(-80))?
3, 29
Let q be 10683/6 + -2*(-2)/(-8). Suppose -4*i - 2*o + 6*o = -1780, 4*i - o - q = 0. List the prime factors of i.
5, 89
Suppose -5*t + j = -245700, -5*j - 196581 = 41*t - 45*t. What are the prime factors of t?
49139
Let d be (180 + 0)*(-324)/(-90). List the prime factors of (224/48)/(2/d).
2, 3, 7
Let n(v) = 34*v**2 - 38*v + 65. What are the prime factors of n(-17)?
41, 257
Suppose -7*a = -2*a - 330. Let d = -13 + a. Suppose -r = -d - 35. List the prime factors of r.
2, 11
Let j(z) = 4*z**2 + 8*z + 1. Let u be j(-6). Let r = u + 50. List the prime factors of 10/20 + r/6.
5
Suppose -71 = 3*h + 34. Let r = h + 43. Suppose r*k = 2*k + 210. What are the prime factors of k?
5, 7
Let c = -8430 - -26548. What are the prime factors of c?
2, 9059
Let d(m) = 3*m**2 - 11*m + 4. Let h be (4 + 0)/(24/30). List the prime factors of d(h).
2, 3
Suppose z - 5*q = 22, -3*q - 2*q = 20. Suppose d + 2*o + 2 = 15, -50 = -z*d + 2*o. Let r = 105 - d. List the prime factors of r.
2, 3, 7
Suppose 5*t - 3*t + 436 = 2*o, -5*o + 1075 = -2*t. Let h = 295 - o. List the prime factors of h.
2, 41
Let g be (-2)/1 + (19 - 3). Suppose -5*m - g = -49. Suppose m*v + 5*v = 2256. What are the prime factors of v?
2, 47
Let d(l) = 9*l - 14. Let j be d(-16). Let g = j + 160. List the prime factors of g.
2
Suppose 8 + 11 = 4*s - m, 2*s - 4*m = 6. Suppose 2*i = -2*u + 676, s*i - 1666 = 3*u - 2*u. What are the prime factors of i?
2, 167
Suppose 1343447 + 3841314 - 453287 = 187*w. What are the prime factors of w?
2, 3, 4217
Let r(t) = 10*t**2 - 8*t - 5. Let s be r(-4). Suppose 0 = -7*y - 2095 - s. List the prime factors of y/(-14) + (-6)/21.
23
Let z(w) = 54*w + 4043. What are the prime factors of z(148)?
5, 29, 83
Suppose d - 8588 - 6129 = 9. What are the prime factors of d?
2, 37, 199
Suppose -4*k + 4*f - 202428 = 0, 5*k = f - 2*f - 253035. What are the prime factors of 1/4 + k/(-36) + -1?
5, 281
Suppose 129*o - 120*o = 93064 - 8653. What are the prime factors of o?
83, 113
Let n be 7 + (-6 - -616) - (-1 + 1). Let w = n + -138. List the prime factors of w.
479
What are the prime factors of ((-513)/(-2) - 4)*460/23?
2, 5, 101
Let b(f) = 5*f - 55. Let u be b(12). Suppose o + 132 + 393 = -u*m, -m - 116 = -2*o. Let p = m - -337. What are the prime factors of p?
3, 7, 11
Let v be (-451120)/(-68) + (-20)/170. Suppose 0 = 40*w - 22166 - v. What are the prime factors of w?
2, 3, 5
Let g(p) = 8*p**2 - 182*p + 5646. What are the prime factors of g(87)?
2, 3, 1399
What are the prime factors of (-4*(-146)/(-14))/((-6)/861)?
2, 41, 73
Let i be (9/(-21)*2)/(6/19278). Let q = -1717 - i. What are the prime factors of q?
17, 61
Let p = -2711 - -590. Let a = p + 3607. What are the prime factors of a?
2, 743
Let u(y) = 2*y**3 - 3*y**2 - 2*y - 6. Let g be u(3). Let x be 2 - (7 + -4)*g. Let n = x - -57. List the prime factors of n.
2, 7
Suppose -4*v - 78 = -m + v, 130 = 2*m + 3*v. Let o = m + -113. What are the prime factors of (5/(-15))/(3/o)?
5
Let n be (5/2)/(15/6). Let c(t) = 210*t**3 - t**2 + 3*t - 2. Let d be c(n). List the prime factors of (d/28)/(2/52).
3, 5, 13
Suppose 15*q + 1503 = 24*q. Suppose 3*j = 4*j - q. What are the prime factors of j?
167
Suppose 8 = -2*u - 0. Let t(h) = -18*h**3 + 11 + 17*h**3 + 6*h - 8*h**2 + 9*h**2. List the prime factors of t(u).
67
Let f(c) = -c**2 + 125*c**3 + 19*c + 24*c + 192*c**3 - 40*c - 3. What are the prime factors of f(1)?
2, 79
Let y be 43 + -1*0/(-4 - -1). Let d = -23 + y. Let s = d + 55. What are the prime factors of s?
3, 5
Let p = -4569 + 6152. List the prime factors of p.
1583
Suppose -x + 3*h + 1669 = 83, -4*x = -h - 6300. Suppose x = 5*g + 239. What are the prime factors of g?
3, 89
Let p(t) = 9*t + 71. Let k be p(-20). Let m = -7 - k. List the prime factors of m.
2, 3, 17
Let a(n) = 2*n**3 + 4*n**2 + 6*n + 5. Let z be a(5). Suppose p = 3*u - 688, 5*p - 470 = 2*u - 4*u. Let w = z - u. List the prime factors of w.
5, 31
Let s(x) be the first derivative of x**4/4 + 7*x**3/3 + x**2 + 42*x + 149. What are the prime factors of s(9)?
2, 3, 113
Let i = 488 + -638. Let p = 856 + i. What are the prime factors of p?
2, 353
Suppose 85*k - 88*k - y = -227367, -3*k + 4*y = -227367. What are the prime factors of k?
3, 7, 401
Let j = 21644 + -15321. What are the prime factors of j?
6323
Let h(r) = 3*r**2 - 24*r + 40. Suppose 0 = 372*a - 373*a - 17. List the prime factors of h(a).
5, 263
Suppose 210 = 4*h + 186, -3*y + 3*h = -41223. List the prime factors of y.
59, 233
Suppose 4*s + 380 = 2*z, z - 220 = s - 5*s. Let i = 772 - z. List the prime factors of i.
2, 11, 13
Suppose 637 = 68*s - 19*s. Suppose 0 = -6*l + 115 - s. What are the prime factors of l?
17
Let y(v) = 19598*v**3 - v**2 - 136*v + 136. List the prime factors of y(1).
19597
Let j(c) = c**3 + c**2 + 34*c - 1456. List the prime factors of j(42).
2, 7, 677
Suppose -3*j + 4*j + 6 = -f, 0 = f - j + 4. Let n(z) = -30*z + 145. List the prime factors of n(f).
5, 59
Let y(z) be the second derivative of z**5/20 + 5*z**4/3 + 41*z**3/6 + 18*z**2 + 20*z - 2. List the prime factors of y(-17).
2, 103
Suppose -34972 + 125530 = 18*c. What are the prime factors of c?